 = 2*z + 30. Let a(k) = k**2 + 2*k + 1. Let f be a(-3). Let i(o) = 6*o + 1. Let b be i(f). What is the greatest common divisor of z and b?
5
Let u(f) = 76*f + 18. Let d be u(9). Let k be (-11)/(-22) - d/(-4). Calculate the greatest common divisor of k and 16.
16
Suppose 5*k + 275 = -5*y - 0*k, 5*k - 73 = y. Let l be 2/2 - (y + 4). Calculate the greatest common factor of 22 and l.
11
Let l = -37 + 51. Calculate the greatest common divisor of 70 and l.
14
Suppose -5*i + 70 = r + r, -152 = -5*r - i. Let c = -5 + 7. Suppose z = -c*z + 45. What is the greatest common divisor of z and r?
15
Let v be 5/(10/38) - (-1)/1. Calculate the greatest common factor of v and 20.
20
Let p = 4 + -2. What is the greatest common factor of 8 and p?
2
Let q = 48 - 36. Calculate the highest common factor of 96 and q.
12
Let p be (-518)/(-7) - (-1 - 0). What is the greatest common divisor of p and 15?
15
Suppose i = -4*l - 5, 0 = 4*i - 7*i - 2*l + 5. Suppose 85 = 5*m - 2*w - i*w, 4*w + 51 = 3*m. Calculate the greatest common divisor of m and 153.
17
Let d(j) = -j**3 + 6*j**2 - j + 1. Let q be d(4). What is the greatest common factor of 261 and q?
29
Let t(p) = -6*p - 3*p**2 + 9 + 16*p + 2*p**2. Let x be t(8). Suppose 2*a + 3 = -y, -x = 5*a - 10. What is the greatest common divisor of 3 and y?
3
Suppose -5*z - 64 = -6*z. Let a(h) = -2*h - 6. Let v be a(-7). What is the highest common divisor of z and v?
8
Let m be (2/(-1))/((-1)/(-2)). Let r be (-53)/m - 2/8. Let l = r + -7. Calculate the highest common factor of l and 18.
6
Suppose -327 + 57 = -5*r. What is the greatest common factor of 18 and r?
18
Let a(y) = -3*y**3 - 3*y**2 - 7*y. Let o be a(-3). Calculate the highest common divisor of o and 15.
15
Let k(r) = -r**2 - 7*r - 2. Let p be k(-6). Suppose i = -p*i + 75. Calculate the greatest common divisor of 10 and i.
5
Let o(i) = i**3 - 8*i**2 + 5*i + 2. Let a be o(8). Let t be (-20)/4*(0 + -1). Let h be t + (2/2)/1. Calculate the highest common divisor of a and h.
6
Suppose s - 130 = -2*f, 4*s + 5*f - 283 = 234. What is the highest common factor of s and 16?
16
Suppose -m = -3*m. Suppose m*o - 243 = -3*o. Let j = o + -45. Calculate the greatest common factor of j and 9.
9
Let q = 1 + 71. What is the greatest common factor of q and 8?
8
Suppose 0 = -2*k - k + 72. Let u = k + -16. Suppose -2*y = -27 - 5. What is the highest common divisor of y and u?
8
Let j(n) = 16*n**2 + 7*n - 9. Let h be j(3). Calculate the highest common factor of h and 26.
26
Suppose 6*q - 662 = 490. What is the highest common factor of 24 and q?
24
Let y = 5 - 3. Suppose -5*o = -5*l - 45, -10 = y*o - 0*l + 5*l. What is the greatest common factor of 15 and o?
5
Let y(h) = -7*h - 3. Let q be y(-9). Suppose 0 = 5*b - 60 - q. Suppose 5*f + 5*x = f + b, -2*x - 8 = 0. Calculate the highest common factor of 11 and f.
11
Let y be ((-45)/(-6))/((-1)/(-14)). Suppose 0*n + 84 = 2*n - 3*x, 168 = 4*n - 3*x. Calculate the greatest common factor of n and y.
21
Suppose -3*r = 5*x - 1139 - 422, -3 = r. Let s = -188 + x. Calculate the highest common divisor of 18 and s.
18
Suppose 4*d + 18 = 5*h - 65, 67 = 5*h + 4*d. What is the greatest common factor of 15 and h?
15
Suppose 0*c + 184 = 2*c. Calculate the highest common divisor of c and 23.
23
Let k(h) = 69*h - 7. Let x be k(3). Calculate the highest common factor of 25 and x.
25
Let a(r) = -r**2 - 5*r + 2. Let o be a(-4). Suppose 5*s + d = 2*s + 8, -3*s + 4*d = -28. Let i = o - s. Calculate the highest common divisor of 3 and i.
1
Let n be ((9/(-2))/(-3))/(1/14). What is the greatest common divisor of 84 and n?
21
Let t be 26/6 - 1/3. Let p be (t/6)/((-2)/(-330)). Suppose 2*q = -0*q + p. What is the highest common divisor of q and 22?
11
Let x be 4 + (-8)/3*-3. What is the highest common divisor of x and 4?
4
Let y be (-4)/2*(-13)/2. Let u(d) = -4*d + 1. Let b be u(-1). Suppose 0 = -b*x + 25, 0 = -4*p - p - 5*x + 740. Calculate the highest common divisor of y and p.
13
Suppose -3*o + 134 = 8. Calculate the highest common factor of o and 21.
21
Let t(z) be the second derivative of 17*z**3/3 - 2*z**2 + 2*z. Let o be t(4). Calculate the highest common divisor of 12 and o.
12
Let d(f) = f**2 - 7*f + 6. Let l be d(4). Let w be (-16)/l*159/4. Let n be w - (0 + 1)*-2. Calculate the highest common factor of 12 and n.
12
Let h be 4/5*15/6. Let r be (h + -3 + 2)*6. Let f be (-56)/r*6/(-4). What is the highest common divisor of f and 56?
14
Suppose 0*w - 4*w = -180. What is the highest common factor of w and 27?
9
Let v = -52 + 76. Suppose -3*h = -0*h - 18. What is the greatest common divisor of v and h?
6
Let a = -16 - -27. Calculate the greatest common factor of a and 22.
11
Suppose -4*d + 293 + 283 = 0. Let s be 4/(-10) + 460/25. Calculate the greatest common factor of s and d.
18
Let j(i) = i**2 + i. Let s be j(5). Let t = -16 + s. Let q be ((-4)/3)/((-2)/105). What is the greatest common factor of q and t?
14
Let c be ((-8)/(-3) + -1)*3. Let w be 5/(c/(-57))*-1. Calculate the highest common factor of w and 19.
19
Let u be ((-15)/9)/((-1)/(-3)). Let q be 3/(-12) + u/(-4). Suppose -2*h - 113 = -3*k, -k + 40 = h - q. What is the greatest common factor of k and 13?
13
Suppose -5*n = -7*n + 46. What is the greatest common divisor of n and 253?
23
Suppose 3*d - 64 = -5*d. Calculate the greatest common divisor of 40 and d.
8
Let z = 6 + -1. Suppose z*c = 3*u - u - 2, 5*c - 5*u + 5 = 0. Suppose 3*o + 12 - 78 = c. What is the greatest common factor of 11 and o?
11
Let f be 6 + -8 - (-12)/2. Let n = 6 - f. Suppose 8 = 3*t - 4. What is the greatest common divisor of t and n?
2
Let w = 1 + 0. Let j = w - 1. Suppose 5*z + 240 - 960 = j. What is the greatest common factor of z and 16?
16
Let a be (3/(-2) - 1)*(-22)/11. Let k be 10*(-5)/(-2)*1. What is the highest common factor of k and a?
5
Suppose y = -2*j + 74, -y + 4*y = 12. Calculate the greatest common divisor of j and 70.
35
Suppose 3*h = -6, 122 = 5*i - 3*i - 5*h. Let c be (-1)/((-1)/(-4)) - 2. Let r = 2 - c. What is the highest common divisor of r and i?
8
Suppose -u + 5*u = -4*h - 12, 0 = 4*h + 2*u + 2. Suppose h*x - 81 = -j, -3*j + 4*j - 5*x = 67. What is the greatest common divisor of j and 11?
11
Suppose -2*z - 4*n = -0*n - 44, 0 = z + n - 17. Let l be 22*(2 - z/(-3)). Calculate the highest common factor of l and 12.
12
Let k be (-24)/(-15)*(1 - -4). Let i = 54 + -92. Let t = i + 58. What is the highest common divisor of t and k?
4
Let j(a) = -3*a - 41. Let d(o) = o + 14. Let n(r) = 17*d(r) + 6*j(r). Let u be n(-4). Let t be (75 - 0)*u/(-10). What is the greatest common factor of t and 20?
10
Let m(n) = -n**2 - 5*n - 2. Let d be m(-2). Suppose -d*i + 42 + 54 = 0. Let p = i - 13. What is the greatest common factor of 1 and p?
1
Let g(k) be the second derivative of 11*k**5/10 + k**4/12 - k**3/3 + k**2/2 - 5*k. Let i be g(1). What is the greatest common factor of 33 and i?
11
Suppose 4*y - z = 57 - 1, 3*z = 3*y - 42. Let j = -2 + y. What is the greatest common factor of 132 and j?
12
Suppose -2*q + 72 = q. Calculate the highest common divisor of q and 6.
6
Let s(w) be the third derivative of -w**5/60 + w**4/3 + w**3 + 3*w**2. Let q be s(7). Calculate the greatest common divisor of 52 and q.
13
Let q(x) = 7*x**2 + 4*x + 5. Let a be q(-7). Suppose -3*b + a = 2*b. What is the greatest common factor of 8 and b?
8
Suppose -5*g + 20 = -5*c, -2*c - 2 + 4 = 0. Suppose 0*s + 5*s = g. Let m be ((-1)/3)/((-2)/54). Calculate the highest common factor of m and s.
1
Let j(t) = -3*t - 2*t + 0*t - 3 + 2*t. Let n(y) = -4*y - 4. Let q(d) = 7*j(d) - 5*n(d). Let h be q(-3). Calculate the highest common divisor of h and 20.
2
Let g(a) = -a**3 + 6*a**2 + 4*a + 8. Let s be g(6). What is the greatest common divisor of s and 4?
4
Suppose 0 = -3*s + 3*l + 54, 4*s - 3*s - 2*l = 20. Let h = s - 8. Suppose 3*k - 46 = h. Calculate the greatest common factor of k and 12.
6
Let s be (-2)/(-2) + 9 + -8. What is the highest common factor of s and 3?
1
Suppose -2*t - 2 = 0, t = 8*i - 4*i - 321. What is the highest common divisor of i and 32?
16
Let l(s) be the first derivative of 2 + 9/2*s**2 + 6*s + 2/3*s**3. Let a be l(-6). What is the highest common divisor of a and 3?
3
Suppose -11 + 6 = 5*b. Let g be -1 + (-1253)/b*3. Let l be g/18 - 8/(-36). Calcu